common factor of 24246 and 108.
54
Calculate the highest common factor of 59 and 1380541.
59
What is the highest common factor of 50 and 732370?
10
What is the greatest common divisor of 12508 and 16536?
212
What is the greatest common factor of 14353 and 15004?
31
Calculate the greatest common factor of 736 and 644.
92
What is the greatest common factor of 290342 and 208?
26
What is the highest common factor of 91332 and 60?
12
Calculate the greatest common divisor of 17 and 9627763.
17
Calculate the highest common factor of 41 and 62443.
41
Calculate the greatest common divisor of 47656 and 132608.
2072
Calculate the greatest common divisor of 19294 and 187.
11
Calculate the highest common divisor of 10080 and 88480.
1120
Calculate the greatest common divisor of 61 and 199.
1
What is the highest common factor of 563852 and 8468?
292
Calculate the highest common divisor of 2173 and 7791.
53
What is the greatest common factor of 10096 and 13648?
16
Calculate the greatest common factor of 4074 and 210.
42
Calculate the greatest common divisor of 71959 and 454.
227
What is the greatest common factor of 266 and 7581?
133
Calculate the greatest common factor of 9 and 625110.
3
What is the highest common divisor of 79345 and 14?
7
Calculate the highest common divisor of 1813 and 925.
37
Calculate the highest common divisor of 1851551 and 13.
13
Calculate the greatest common divisor of 12624 and 224.
16
Calculate the greatest common divisor of 76 and 287756.
4
What is the greatest common factor of 28 and 218772?
4
Calculate the highest common factor of 4706 and 26.
26
Calculate the greatest common divisor of 140 and 330060.
20
What is the highest common divisor of 3978 and 351?
117
Calculate the highest common factor of 2941709 and 457.
457
Calculate the highest common divisor of 324 and 525312.
108
Calculate the highest common factor of 277950 and 654.
654
What is the highest common factor of 252 and 3565800?
252
What is the greatest common divisor of 4410 and 6174?
882
What is the highest common factor of 3232 and 2784368?
1616
What is the greatest common factor of 184421 and 2481?
827
Calculate the greatest common factor of 831 and 285587.
277
Calculate the greatest common factor of 45 and 3258.
9
Calculate the highest common factor of 875 and 29625.
125
Calculate the highest common divisor of 28726 and 2439.
271
Calculate the highest common factor of 33131 and 448.
7
What is the greatest common factor of 456 and 127566?
114
Calculate the greatest common divisor of 122613 and 69.
69
What is the greatest common factor of 1863 and 5751?
81
What is the greatest common factor of 16245 and 90?
45
Calculate the highest common factor of 28915 and 10.
5
What is the greatest common divisor of 460 and 3036?
92
What is the highest common factor of 2852 and 144256?
92
What is the highest common factor of 40 and 3200300?
20
Calculate the highest common factor of 135 and 29538.
27
What is the greatest common divisor of 472 and 149096?
8
Calculate the highest common divisor of 24 and 16596.
12
What is the greatest common divisor of 3531 and 649?
11
Calculate the highest common divisor of 32721 and 3.
3
What is the greatest common divisor of 56 and 19026?
14
What is the highest common divisor of 404652 and 108?
12
Calculate the highest common factor of 110354 and 828.
46
Calculate the greatest common factor of 65762 and 17030.
262
Calculate the highest common factor of 2399640 and 240.
120
What is the greatest common factor of 48910 and 603?
67
Calculate the greatest common factor of 386095 and 2035.
185
What is the highest common factor of 1920 and 1770?
30
What is the greatest common factor of 80645 and 11811?
127
Calculate the greatest common divisor of 196965 and 675.
135
What is the highest common factor of 19 and 177?
1
What is the greatest common factor of 119628 and 72?
36
What is the greatest common divisor of 1053 and 37341?
81
Calculate the greatest common factor of 20988423 and 27.
27
What is the greatest common factor of 260 and 183170?
130
What is the greatest common divisor of 369 and 10089?
9
What is the highest common factor of 3195 and 1270545?
1065
What is the greatest common factor of 69 and 55338?
69
What is the highest common divisor of 7424548 and 4?
4
Calculate the highest common factor of 10598 and 5978.
14
Calculate the greatest common divisor of 13506078 and 4194.
1398
What is the highest common divisor of 1139 and 2422653?
1139
What is the greatest common factor of 1584392 and 16?
8
What is the greatest common divisor of 1858548 and 12?
12
Calculate the highest common divisor of 25392 and 432.
48
What is the greatest common factor of 840 and 19215?
105
Calculate the greatest common divisor of 226 and 1478.
2
Calculate the highest common divisor of 928 and 3223408.
464
Calculate the greatest common factor of 11774 and 1106.
14
What is the greatest common divisor of 23 and 97037?
23
Calculate the highest common divisor of 400 and 592.
16
What is the highest common divisor of 20661 and 781?
71
Calculate the highest common divisor of 896 and 4172.
28
What is the highest common factor of 9486 and 82926?
306
Calculate the greatest common factor of 693 and 98483.
77
What is the highest common divisor of 132 and 1104675?
33
Calculate the greatest common factor of 141296 and 96.
16
Calculate the greatest common factor of 492 and 11685.
123
What is the greatest common factor of 221 and 1094375?
17
What is the greatest common divisor of 1056 and 69828?
132
What is the highest common factor of 42030 and 270?
90
Calculate the highest common factor of 12 and 686481.
3
What is the highest common divisor of 150059 and 9503?
221
Calculate the greatest common divisor of 1755 and 10125.
135
What is the highest common divisor of 442 and 430729?
221
What is the highest common divisor of 12 and 68244?
12
Calculate the highest common divisor of 1246 and 172571.
623
What is the greatest common divisor of 9234 and 486666?
342
Calculate the highest common divisor of 1617100 and 10676.
628
Calculate the highest common divisor of 117906 and 258.
258
Calculate the highest common divisor of 2380 and 2383570.
1190
What is the greatest common divisor of 146091 and 171?
57
Calculate the highest common factor of 1784 and 363490.
446
Calculate the highest common divisor of 2428 and 850.
2
What is the highest common divisor of 209 and 31471?
11
What is the greatest common divisor of 86 and 632874?
86
Calculate the highest common factor of 100 and 28580200.
100
What is the greatest common factor of 8428 and 294?
98
Calculate the highest common factor of 2156 and 809284.
196
Calculate the greatest common divisor of 210 and 172410.
210
What is the greatest common factor of 1331 and 3955732?
1331
Calculate the greatest common divisor of 4305873 and 429.
429
What is the greatest common divisor of 33 and 7150242?
33
Calculate the greatest common factor of 3861 and 767286.
351
What is the greatest common divisor of 18 and 164748?
6
What is the greatest common divisor of 214 and 11660753?
107
Calculate the highest common factor of 87 and 331905.
87
Calculate the highest common divisor of 7409 and 3585.
239
What is the greatest common factor of 20996 and 8?
4
Calculate the greatest common factor of 77625 and 9875.
125
What is the highest common divisor of 191775 and 325?
25
Calculate the highest common factor of 8964 and 2905.
83
Calculate the highest common divisor of 145932 and 2568.
12
What is the highest common factor of 42081 and 39?
39
What is the greatest common divisor of 27 and 51849?
9
Calculate the greatest common divisor of 18304 and 676.
52
Calculate the greatest common factor of 976 and 80.
16
Calculate the highest common factor of 45 and 173280.
15
Calculate the greatest common divisor of 38654 and 4158.
154
Calculate the greatest common divisor of 5 and 2875270.
5
Calculate the highest common divisor of 79485 and 45.
15
Calculate the greatest common factor of 11420 and 20.
20
What is the highest common divisor of 86424 and 16897?
277
Calculate the highest common factor of 520134 and 6.
6
Calculate the highest common factor of 10772316 and 228.
228
What is the greatest common factor of 22 and 32527?
11
Calculate the highest common divisor of 946329 and 1906.
